?
0
What is the units digit of 149380?
0
What is the hundreds digit of 605?
6
What is the tens digit of 561?
6
What is the hundreds digit of 33928?
9
What is the units digit of 8894?
4
What is the units digit of 7432?
2
What is the units digit of 18?
8
What is the hundreds digit of 13576?
5
What is the hundreds digit of 457?
4
What is the thousands digit of 7185?
7
What is the units digit of 1126?
6
What is the tens digit of 52085?
8
What is the hundreds digit of 4439?
4
What is the units digit of 62428?
8
What is the units digit of 582?
2
What is the tens digit of 601?
0
What is the hundreds digit of 1425?
4
What is the hundreds digit of 835?
8
What is the tens digit of 12547?
4
What is the tens digit of 167587?
8
What is the hundreds digit of 3083?
0
What is the units digit of 17229?
9
What is the units digit of 15169?
9
What is the hundreds digit of 48845?
8
What is the hundreds digit of 500?
5
What is the ten thousands digit of 94994?
9
What is the hundreds digit of 1187?
1
What is the units digit of 67163?
3
What is the units digit of 1052?
2
What is the units digit of 17622?
2
What is the ten thousands digit of 18460?
1
What is the hundreds digit of 2141?
1
What is the thousands digit of 7299?
7
What is the tens digit of 5809?
0
What is the units digit of 601?
1
What is the units digit of 28787?
7
What is the units digit of 31988?
8
What is the units digit of 57843?
3
What is the thousands digit of 22655?
2
What is the hundreds digit of 18178?
1
What is the hundreds digit of 847?
8
What is the units digit of 449?
9
What is the tens digit of 11111?
1
What is the hundreds digit of 13323?
3
What is the units digit of 1194?
4
What is the tens digit of 367?
6
What is the thousands digit of 13166?
3
What is the tens digit of 4231?
3
What is the thousands digit of 2632?
2
What is the thousands digit of 130107?
0
What is the tens digit of 1153?
5
What is the thousands digit of 1427?
1
What is the units digit of 516?
6
What is the units digit of 585?
5
What is the units digit of 3427?
7
What is the hundreds digit of 9683?
6
What is the tens digit of 764?
6
What is the tens digit of 16393?
9
What is the hundreds digit of 2035?
0
What is the thousands digit of 18398?
8
What is the units digit of 41908?
8
What is the tens digit of 5919?
1
What is the tens digit of 2732?
3
What is the tens digit of 7333?
3
What is the units digit of 295?
5
What is the thousands digit of 5145?
5
What is the units digit of 7141?
1
What is the tens digit of 9332?
3
What is the tens digit of 415?
1
What is the hundreds digit of 38623?
6
What is the tens digit of 252?
5
What is the units digit of 29?
9
What is the tens digit of 4544?
4
What is the hundreds digit of 39728?
7
What is the ten thousands digit of 26542?
2
What is the tens digit of 278?
7
What is the units digit of 68450?
0
What is the tens digit of 61?
6
What is the hundreds digit of 32656?
6
What is the tens digit of 13018?
1
What is the tens digit of 90474?
7
What is the units digit of 23382?
2
What is the hundreds digit of 36943?
9
What is the units digit of 119?
9
What is the ten thousands digit of 26566?
2
What is the units digit of 32013?
3
What is the ten thousands digit of 12872?
1
What is the thousands digit of 67421?
7
What is the thousands digit of 1047?
1
What is the units digit of 4830?
0
What is the hundreds digit of 2869?
8
What is the hundreds digit of 1108?
1
What is the thousands digit of 33694?
3
What is the hundreds digit of 753?
7
What is the hundreds digit of 649?
6
What is the thousands digit of 48070?
8
What is the tens digit of 2131?
3
What is the units digit of 8453?
3
What is the tens digit of 928?
2
What is the units digit of 1333?
3
What is the units digit of 9887?
7
What is the units digit of 2339?
9
What is the hundreds digit of 48446?
4
What is the units digit of 630?
0
What is the tens digit of 839?
3
What is the thousands digit of 1719?
1
What is the units digit of 611?
1
What is the tens digit of 1447?
4
What is the units digit of 88622?
2
What is the ten thousands digit of 15983?
1
What is the thousands digit of 1566?
1
What is the thousands digit of 1864?
1
What is the units digit of 1322?
2
What is the units digit of 499?
9
What is the units digit of 595?
5
What is the units digit of 13478?
8
What is the thousands digit of 9392?
9
What is the thousands digit of 11918?
1
What is the hundreds digit of 6171?
1
What is the hundreds digit of 1455?
4
What is the tens digit of 5746?
4
What is the thousands digit of 1200?
1
What is the thousands digit of 48012?
8
What is the units digit of 709?
9
What is the hundreds digit of 1257?
2
What is the units digit of 5081?
1
What is the hundreds digit of 40528?
5
What is the units digit of 293?
3
What is the hundreds digit of 43900?
9
What is the units digit of 8377?
7
What is the thousands digit of 1624?
1
What is the hundreds digit of 30781?
7
What is the thousands digit of 9952?
9
What is the thousands digit of 2523?
2
What is the thousands digit of 4708?
4
What is the tens digit of 2445?
4
What is the tens digit of 35660?
6
What is the ten thousands digit of 43708?
4
What is the tens digit of 111956?
5
What is the tens digit of 66128?
2
What is the tens digit of 11801?
0
What is the thousands digit of 1139?
1
What is the tens digit of 4016?
1
What is the tens digit of 1389?
8
What is the units digit of 4371?
1
What is the thousands digit of 9236?
9
What is the units digit of 22063?
3
What is the thousands digit of 67501?
7
What is the thousands digit of 145334?
5
What is the tens digit of 679?
7
What is the tens digit of 671?
7
What is the thousands digit of 63003?
3
What is the thousands digit of 1147?
1
What is the units digit of 576?
6
What is the hundreds digit of 5664?
6
What is the hundreds digit of 55918?
9
What is the ten thousands digit of 12005?
1
What is the units digit of 1447?
7
What is the units digit of 6643?
3
What is the units digit of 1389?
9
What is the ten thousands digit of 27708?
2
What is the thousands digit of 12280?
2
What is the thousands digit of 7442?
7
What is the tens digit of 108459?
5
What is the units digit of 6807?
7
What is the hundreds digit of 14528?
5
What is the hundreds digit of 1279?
2
What is the ten thousands digit of 62429?
6
What is the ten thousands digit of 26706?
2
What is the tens digit of 75018?
1
What is the thousands digit of 17147?
7
What is the hundreds digit of 6542?
5
What is the thousands digit of 1821?
1
What is the units digit of 5430?
0
What is the hundreds digit of 9963?
9
What is the tens digit of 506?
0
What is the hundreds digit of 14216?
2
What is the tens digit of 3314?
1
What is the units digit of 23209?
9
What is the hundreds digit of 1974?
9
What is the units digit of 9209?
9
What is the tens digit of 2719?
1
What is the thousands digit of 2999?
2
What is the units digit of 13373?
3
What is the hundreds digit of 578?
5
What is the hundreds digit of 1987?
9
What is the thousands digit of 1879?
1
What is the units digit of 2133?
3
What is the thousands digit of 1993?
1
What is the units digit of 13263?
3
What is the hundreds digit of 140?
1
What is the units digit of 14598?
8
What is the tens digit of 1014?
1
What is the tens digit of 1351?
5
What is the units digit of 5142?
2
What is the units digit of 61063?
3
What is the ten thousands digit of 11785?
1
What is the hundreds digit of 682?
6
What is the units digit of 60072?
2
What is the units digit of 60014?
4
What is the units digit of 10012?
2
What is the thousands digit of 24953?
4
What is the hundreds digit of 840?
8
What is the hundreds digit of 1623?
6
What is the units digit of 9072?
2
What is the thousands digit of 7056?
7
What is the units digit of 8682?
2
What is the tens digit of 936?
3
What is the hundreds digit of 104260?
2
What is the thousands digit of 33595?
3
What is the thousands digit of 5550?
5
What is the units digit of 64?
4
What is the hundreds digit of 5492?
4
What is the units digit of 6?
6
What is the hundreds digit of 821?
8
What is the hundreds digit of 9990?
9
What is the units digit of 68862?
2
What is the ten thousands digit of 65962?
6
What is the ten thousands digit of 24319?
2
What is the units digit of 10586?
6
What is the ten thousands digit of 126558?
2
What is the units dig